Let y(j) = -17*a(j) + 6*m(j). Let l be y(0). Let b = 127 - l. Calculate the remainder when b is divided by 20.
16
What is the remainder when 2 + -6 + (1397 - -1) + -1 is divided by 31?
29
Suppose f = 4*f - 15. Suppose -s - 86 = -4*n, 3*s = -f*n + 5*s + 109. What is the remainder when n is divided by (4/(-6))/((-1)/18)?
9
Suppose -3*l = -25 - 437. Calculate the remainder when l is divided by 41.
31
Suppose 3*i + 114 = 538*s - 536*s, 0 = 4*s + 5*i - 228. Suppose -8*j = -3*j + 2*x - 54, 0 = -4*j + 4*x + 60. Calculate the remainder when s is divided by j.
9
Let b(r) = -15*r - 34. Calculate the remainder when 29 is divided by b(-3).
7
What is the remainder when 8217/22 + 1/(-2) is divided by 34?
33
Suppose 0 = -5*q + 2*i - 116, i = 4*q - i + 94. Let o = 47 + q. What is the remainder when o is divided by 10?
5
Let d(b) = -b**3 + b**2 + 6*b - 6. What is the remainder when d(-6) is divided by 64?
18
Suppose -4*a + 388 = -2*b, 0 = -4*a - 2*b + 223 + 165. Let v = a + -65. Calculate the remainder when v is divided by 11.
10
Let a = -523 - -636. Let j be 2*2/(-4)*-5. Let u(q) = q**2 + q - 1. What is the remainder when a is divided by u(j)?
26
Let f(a) = -4*a + 15. Let u(o) = o**3 - o**2 - 3*o - 3. Let q be u(3). Let r be f(q). Let x(k) = -6*k + 11. Calculate the remainder when x(r) is divided by 17.
14
Let l be 4 + -48 - 2/(-2). Let y = 129 + l. Calculate the remainder when y is divided by 30.
26
Let s be (-3)/(-2)*(-100)/(-30). What is the remainder when ((-2)/(-10))/(7/1043)*s is divided by 50?
49
Suppose -3*y + 373 = 3*s - 4*y, -5*s - 4*y + 599 = 0. Calculate the remainder when s is divided by 11.
2
Let t(s) = s**2 + 10*s. Let f be t(-14). Suppose 102 = 2*g - f. Calculate the remainder when g is divided by 28.
23
Calculate the remainder when 107 is divided by 13/(130/(-285))*6/(-9).
12
Suppose -58*w + 143 = 48*w - 93*w. Let j be 2 + 3/(6/4). Suppose -v + 74 = m + m, -j*v + 281 = 5*m. Calculate the remainder when v is divided by w.
9
Suppose 0 = 2*s + 2*g - 62, 4*g - 18 = 2. Calculate the remainder when s is divided by 98/10 - 2/(-10).
6
Let t be -4*58/(-16)*2. Suppose -4*r = 3*o - 72, 7*o - 3*o = 3*r - t. Calculate the remainder when 87 is divided by r.
12
Suppose -3*b + 31 + 2 = 0. Let y = b + 8. Calculate the remainder when y is divided by (-28)/(-6) - (-5)/15.
4
Let r(m) = 6*m**3 - 46*m**2 - 5*m + 111. Let q(h) = -h**3 + 9*h**2 + h - 22. Let p(g) = 11*q(g) + 2*r(g). What is the remainder when p(-5) is divided by 7?
4
Suppose -28 = 2*r - 64. Let b(v) = -v**2 + 4*v. Let i be b(4). What is the remainder when (3 - i)/(3/r) is divided by 5?
3
Let m(v) = 2*v**2 + 24*v + 47. Suppose 0 = -x - 3*x + 172. What is the remainder when x is divided by m(-11)?
18
Suppose 177 = 29*q - 548. Calculate the remainder when 97 is divided by q.
22
Let x = -1241 + 1435. Calculate the remainder when x is divided by (-7)/(-35) + 138/10.
12
Let u = 28 - 46. What is the remainder when (u + 0)*51/(-34) is divided by 6?
3
Suppose 3 - 2 = -h. Let c = h - 10. Let j = c - -17. Calculate the remainder when 28 is divided by j.
4
Let d be (-80)/(-12) - (-2)/(-3). Suppose o = -4 + d. What is the remainder when 71 is divided by ((-3)/o)/((-2)/12)?
8
Let w(z) = 2*z**2 + 39*z - 13. Let f be w(-20). Suppose -4*p + f*p - 69 = 0. What is the remainder when p is divided by 12?
11
Let f(n) = -n**2 + 13*n - 1. Let y = -19 - -12. Let r = y - -19. Calculate the remainder when 20 is divided by f(r).
9
Let d = -238 + 261. Suppose 3*o = -194 + 467. Calculate the remainder when o is divided by d.
22
Let q(h) = -3*h + 78. What is the remainder when 400 is divided by q(-17)?
13
Suppose -15*g = -32*g + 799. Calculate the remainder when 233 is divided by g.
45
Suppose -2*t - 2*a + 2 = 0, -5*t + 0*t + 3*a + 5 = 0. What is the remainder when ((-164)/(t/1))/(-2) is divided by 22?
16
Suppose -1089 = -4*n - 3*z, -n = z - 130 - 141. Calculate the remainder when n is divided by 88.
12
Let m = 28 - 17. Let r = 3 - 1. Suppose 69 = r*n - s, 0*n + 5*s = 2*n - 89. What is the remainder when n is divided by m?
10
Let h(q) = q**2 + 18*q + 13. Let d be h(-17). Calculate the remainder when (-6)/(0 - (-2)/(-5)) is divided by 2/3*(-6)/d - -7.
7
Calculate the remainder when ((-2)/4)/(12/(150624/(-12))) is divided by 89.
78
Let a(y) = 1083*y + 2*y**2 - 9 + 1081*y - 2179*y - 4*y**2. Let n = 12 - 18. Calculate the remainder when 17 is divided by a(n).
8
Let g = 3 + -3. Let j = g + 0. Calculate the remainder when 23 is divided by 3/9*j + 8.
7
What is the remainder when 26 is divided by 12/20 - (0 - 288/20)?
11
Let p = 11 - -18. Let i = p + -11. Calculate the remainder when i is divided by 3/(2 - 15/12).
2
Suppose 2*u = 8*u - 30. Suppose -2*w - 24 = -2*r, -2 - 42 = -3*r + u*w. Let h = 11 - r. Calculate the remainder when 5 is divided by h.
2
Let i(s) = 6*s + 42. Let w(m) = -5*m - 42. Let c(q) = 2*i(q) + 3*w(q). What is the remainder when 25 is divided by c(-17)?
7
Let d(c) = c**3 - 5*c**2 + c. Let v be d(5). Suppose -469 = -5*q + 3*x, -2*q - 3*q - v*x = -485. What is the remainder when q is divided by 25?
20
Let s = -27 + 29. What is the remainder when 11 is divided by s - (2 - (3 - -1))?
3
Calculate the remainder when 181 is divided by 12*3/(-30)*(-205)/3.
17
Let l(y) = 21*y**2 + y. Let p be -2*(-12)/(-9) - 30/(-45). Calculate the remainder when 3*(p - 20/(-12)) - -65 is divided by l(1).
20
Let z = 591 - 449. What is the remainder when z is divided by 18?
16
Suppose -2*m + 6 = -0*m. Suppose -52*v = l - 55*v - 31, v = -4*l + 72. Calculate the remainder when l is divided by m.
1
Suppose -5*t + 2*t - 2*i + 99 = 0, 4*i = -3*t + 105. Calculate the remainder when 464 is divided by t.
30
Calculate the remainder when (-2)/(56/77)*-60 is divided by 22.
11
Suppose 0 = 13*g + 437 - 1139. Let v = 71 - g. What is the remainder when v is divided by 8?
1
What is the remainder when (184/(-6))/((-26)/39) is divided by 0 - (0 - -1 - (1 + 16))?
14
Let b(c) = 36 - 21*c**2 + 16 + 23*c - 21 - c**3. What is the remainder when 15 is divided by b(-22)?
6
Suppose 107 = i + 9. Suppose 4*y + 48 = 3*v - 16, -2*y = 5*v - i. Calculate the remainder when v is divided by 11.
9
Let z(m) = 0 + m + 41*m**3 + 4 - 2 + 0. Let q be z(-1). Calculate the remainder when 99 is divided by ((-45)/(-6))/((-12)/q).
24
Suppose -690 = -9*x + 4*x. Suppose x = 3*v - 3*a, 1 + 2 = -a. What is the remainder when v is divided by 15?
13
Let k = 17 - 29. Let a be (258/9)/((-2)/k). Suppose -z = 3*n - a, -25 = -n - 2*z + 29. What is the remainder when n is divided by 15?
13
Let c = 2341 - 1769. Calculate the remainder when c is divided by 23.
20
Suppose -4*b + 4*a - 78 + 6 = 0, 5*b + 5*a + 60 = 0. What is the remainder when 53 is divided by b/(-10)*(-28)/(-6)?
4
Let j = 84 - 48. What is the remainder when -1*j/((-4)/1) is divided by 4?
1
Suppose g - s - 133 = 0, -4*s = -3*g - 0*s + 404. Calculate the remainder when g is divided by 33.
29
Let b = 94 + -161. Let r = b - -80. Calculate the remainder when 37 is divided by r.
11
Suppose 17*n - 36 = -4*y + 21*n, -5*n = 4*y + 9. What is the remainder when 46 is divided by y?
2
Let q(p) = p + 2. Let f be q(0). Let o be 6/(-12) + (-6)/4. What is the remainder when 13 is divided by 1 - (o/2 - f)?
1
Suppose 298 = 6*o - 188. Let j = -42 + 84. What is the remainder when o is divided by j?
39
Let i = 847 + -426. Calculate the remainder when i is divided by 54.
43
Let b be (-2)/5*75/(-10). Calculate the remainder when 33 is divided by (-8)/b*(-11)/((-176)/(-36)).
3
Suppose -1498*a = -1490*a - 400. What is the remainder when 946 is divided by a?
46
Let q(c) = 10*c + 59. What is the remainder when 169 is divided by q(-4)?
17
Suppose t = y + 2 + 1, 2*t - 5*y = 18. Calculate the remainder when t/(2 + (-116)/56) is divided by 5.
4
Let l be -2*(-2)/4*-3. Suppose 2*n - 4 = 4*n. Calculate the remainder when 6 is divided by (l + -1)*n/4.
0
Let a(k) = 18*k - 280. Calculate the remainder when 284 is divided by a(23).
16
Suppose -3*j - 47 = 3*l - 7*l, -5*j = 4*l - 7. Let w = 5046 + -4983. What is the remainder when w is divided by l?
7
Let f = 35 + -20. Let a be 4/12 - 148/(-6). Let y = a - f. What is the remainder when 37 is divided by y?
7
Suppose 0 = -3*x - 226 - 368. What is the remainder when (x/(-30))/(2/10) is divided by (132/(-77))/(1/(-7))?
9
Let t